{"id":39,"date":"2022-08-10T18:51:49","date_gmt":"2022-08-10T18:51:49","guid":{"rendered":"https:\/\/new.feuerwehr-hettensen.de\/?page_id=39"},"modified":"2024-01-23T10:10:39","modified_gmt":"2024-01-23T09:10:39","slug":"einsatzabteilung","status":"publish","type":"page","link":"https:\/\/feuerwehr-hettensen.de\/index.php\/einsatzabteilung\/","title":{"rendered":"EINSATZABTEILUNG"},"content":{"rendered":"\n<p><strong>&#8222;Retten-L\u00f6schen-Bergen-Sch\u00fctzen&#8220;<\/strong><br>F\u00fcr diese Hauptaufgaben der Feuerwehr ist die Einsatzabteilung zust\u00e4ndig. Die aktiven Mitglieder der Freiwilligen Feuerwehr Hettensen treffen sich <strong>jeden ersten und dritten Freitag im Monat um 18:30 Uhr zum Dienst am Feuerwehrger\u00e4tehaus<\/strong> <strong>in Hettensen<\/strong>. An den Dienstabenden findet die Ausbildung der aktiven Mitglieder statt, um im Ernstfall vorbereitet zu sein. Im Anschluss an die Dienstabende verbringen wir gerne noch ein paar gesellige Stunden miteinander.<\/p>\n\n\n\n<p>Du hast Lust, dich auch in der Feuerwehr zu engagieren und bist mindestens 16 Jahre alt? Dann komm einfach vorbei!<\/p>\n\n\n\n<p><a href=\"https:\/\/feuerwehr-hettensen.de\/wp-content\/uploads\/2024\/01\/FFH-Aufnahmeantrag-NEU_20240109.pdf\" target=\"_blank\" rel=\"noreferrer noopener\">Die Eintrittserkl\u00e4rung findest du hier<\/a>.<\/p>\n","protected":false},"excerpt":{"rendered":"<p>&#8222;Retten-L\u00f6schen-Bergen-Sch\u00fctzen&#8220;F\u00fcr diese Hauptaufgaben der Feuerwehr ist die Einsatzabteilung zust\u00e4ndig. Die aktiven Mitglieder der Freiwilligen Feuerwehr Hettensen treffen sich jeden ersten und dritten Freitag im Monat um 18:30 Uhr zum Dienst am Feuerwehrger\u00e4tehaus in Hettensen. An den Dienstabenden findet die Ausbildung&hellip; <a href=\"https:\/\/feuerwehr-hettensen.de\/index.php\/einsatzabteilung\/\" class=\"more-link\">Continue Reading <span class=\"meta-nav\">&rarr;<\/span><\/a><\/p>\n","protected":false},"author":1,"featured_media":0,"parent":0,"menu_order":0,"comment_status":"closed","ping_status":"closed","template":"","meta":{"footnotes":""},"class_list":["post-39","page","type-page","status-publish","hentry"],"_links":{"self":[{"href":"https:\/\/feuerwehr-hettensen.de\/index.php\/wp-json\/wp\/v2\/pages\/39","targetHints":{"allow":["GET"]}}],"collection":[{"href":"https:\/\/feuerwehr-hettensen.de\/index.php\/wp-json\/wp\/v2\/pages"}],"about":[{"href":"https:\/\/feuerwehr-hettensen.de\/index.php\/wp-json\/wp\/v2\/types\/page"}],"author":[{"embeddable":true,"href":"https:\/\/feuerwehr-hettensen.de\/index.php\/wp-json\/wp\/v2\/users\/1"}],"replies":[{"embeddable":true,"href":"https:\/\/feuerwehr-hettensen.de\/index.php\/wp-json\/wp\/v2\/comments?post=39"}],"version-history":[{"count":13,"href":"https:\/\/feuerwehr-hettensen.de\/index.php\/wp-json\/wp\/v2\/pages\/39\/revisions"}],"predecessor-version":[{"id":627,"href":"https:\/\/feuerwehr-hettensen.de\/index.php\/wp-json\/wp\/v2\/pages\/39\/revisions\/627"}],"wp:attachment":[{"href":"https:\/\/feuerwehr-hettensen.de\/index.php\/wp-json\/wp\/v2\/media?parent=39"}],"curies":[{"name":"wp","href":"https:\/\/api.w.org\/{rel}","templated":true}]}}